ase 4, what is 100 - -10?
110
In base 6, what is -10552 - 23?
-11015
In base 12, what is 4a0 + 1a?
4ba
In base 12, what is -533 + -3?
-536
In base 7, what is -3466 - -4?
-3462
In base 14, what is -1 - 16c?
-16d
In base 2, what is -1 - -1011?
1010
In base 8, what is -5 + -101?
-106
In base 16, what is 13d3 - 5?
13ce
In base 3, what is -11 - 2002221?
-2010002
In base 14, what is -5 + 405?
400
In base 8, what is 2 + -171?
-167
In base 2, what is 100110111 + -110?
100110001
In base 16, what is -217 + 1?
-216
In base 4, what is 11 + 110?
121
In base 14, what is -18a - 5?
-191
In base 6, what is -132 + -15?
-151
In base 13, what is -5 + 245?
240
In base 14, what is 2b - 37?
-a
In base 10, what is -2 + 58?
56
In base 9, what is 2 + -73?
-71
In base 5, what is 2 - 221?
-214
In base 3, what is 2021 - 20222?
-11201
In base 10, what is -3 + -5?
-8
In base 15, what is -a - -2?
-8
In base 16, what is 2 + -f4?
-f2
In base 14, what is -3 + -516?
-519
In base 3, what is -11 - 111100?
-111111
In base 9, what is -258 + 7?
-251
In base 7, what is -2 - -11013?
11011
In base 6, what is 2051 - -1?
2052
In base 6, what is -13250 - 0?
-13250
In base 13, what is -12 - 262?
-274
In base 11, what is -520 - -3?
-518
In base 15, what is -15de - 5?
-15e4
In base 9, what is 17 - -3015?
3033
In base 2, what is 1 + -10000011000?
-10000010111
In base 7, what is 5 - 1?
4
In base 3, what is 100221 - -10?
101001
In base 3, what is 22010 - -1?
22011
In base 12, what is 28 - -8?
34
In base 15, what is 5 + 150?
155
In base 10, what is -5207 + -5?
-5212
In base 9, what is 21 - -17?
38
In base 16, what is 4 + -a36?
-a32
In base 5, what is 0 - -41?
41
In base 10, what is 0 + -13?
-13
In base 7, what is -12 + -20?
-32
In base 6, what is -53 - 1?
-54
In base 9, what is 10 - -110?
120
In base 14, what is -7 - -1d?
16
In base 3, what is 11012 - -1?
11020
In base 7, what is -246 + -120?
-366
In base 15, what is d + -9?
4
In base 13, what is ba + 3?
c0
In base 13, what is -c15b - -5?
-c156
In base 2, what is -1010000 - 11?
-1010011
In base 7, what is -3 + -2246?
-2252
In base 8, what is 4 + 21?
25
In base 11, what is 9a84 + -3?
9a81
In base 14, what is -298 + 2?
-296
In base 10, what is -1 + -2313?
-2314
In base 15, what is 209 - 3?
206
In base 2, what is -11 - 111010?
-111101
In base 2, what is -110001 - 101?
-110110
In base 5, what is 10 + -11243?
-11233
In base 7, what is -344 + 5?
-336
In base 14, what is 1 + -17b?
-17a
In base 14, what is -b - -1d3?
1c6
In base 5, what is -223 - 40?
-313
In base 10, what is 2 + -678?
-676
In base 11, what is -495 - 2?
-497
In base 4, what is -223 - -1320?
1031
In base 5, what is 3 - -201?
204
In base 7, what is -4 + 643?
636
In base 9, what is -5 - -22?
16
In base 3, what is -12120 + 12?
-12101
In base 2, what is 11110111 - -11?
11111010
In base 4, what is 0 + -10130?
-10130
In base 13, what is 1ba8 - 3?
1ba5
In base 12, what is -1392 + 4?
-138a
In base 4, what is 2223 + -10?
2213
In base 2, what is 100010011 + 1001010?
101011101
In base 3, what is -121 + 10220?
10022
In base 10, what is -959 - 2?
-961
In base 2, what is 10110010000 - 100?
10110001100
In base 7, what is 5 - 101?
-63
In base 7, what is 3 + 426?
432
In base 2, what is 0 - -101001?
101001
In base 7, what is -55 - 124?
-212
In base 13, what is -41 - -35a?
319
In base 3, what is -20 + -12?
-102
In base 2, what is -11 + 1100?
1001
In base 4, what is 213312 - -10?
213322
In base 8, what is 2 - 1624?
-1622
In base 7, what is -5 - 303?
-311
In base 9, what is 1 + 60?
61
In base 9, what is 55 + -22?
33
In base 3, what is 2 + 21102?
21111
In base 9, what is 637 - 4?
633
In base 2, what is -111 - -1000110?
111111
In base 13, what is -1 + -3b?
-3c
In base 14, what is 0 - -3?
3
In base 10, what is -229 + 65?
-164
In base 9, what is 6 - 204?
-187
In base 8, what is 4 - 277?
-273
In base 3, what is 1012 + 2?
1021
In base 10, what is 431 - -6?
437
In base 10, what is -4 + -17?
-21
In base 6, what is -103 - 524?
-1031
In base 14, what is 0 - 9?
-9
In base 12, what is 52 + 72?
104
In base 6, what is 5152 - 3?
5145
In base 12, what is -4 - 107?
-10b
In base 8, what is 3 - 2743?
-2740
In base 10, what is -2 + -95?
-97
In base 9, what is 1 - -62?
63
In base 14, what is -3 - -a?
7
In base 5, what is 2 - -2334?
2341
In base 9, what is 4 + -1711?
-1706
In base 12, what is -4 - -6a8?
6a4
In base 13, what is -1 + 13c?
13b
In base 2, what is 111000 + 11?
111011
In base 10, what is 17 - 22?
-5
In base 16, what is -f - 30b?
-31a
In base 14, what is 3966 - 5?
3961
In base 14, what is 13 + -23?
-10
In base 4, what is 10 - -1021?
1031
In base 10, what is 5 - 8593?
-8588
In base 9, what is 4101 + 4?
4105
In base 7, what is -2 - -110?
105
In base 13, what is b - -8?
16
In base 6, what is 1 - 302?
-301
In base 15, what is -2 - c?
-e
In base 6, what is 343 - 1?
342
In base 5, what is -221 - -2?
-214
In base 4, what is 221 - 3?
212
In base 13, what is c8a - -5?
c92
In base 10, what is -306 + -3?
-309
In base 11, what is 1 - 0?
1
In base 13, what is -1b + -b?
-29
In base 15, what is -21de - 6?
-21e5
In base 10, what is 15031 - -3?
15034
In base 15, what is 36 - 1?
35
In base 12, what is 1 + -9?
-8
In base 7, what is 33 + -1?
32
In base 15, what is 4 - -c?
11
In base 4, what is -10 - -100031?
100021
In base 9, what is -7 + 253?
245
In base 10, what is 68 + 0?
68
In base 11, what is -2 - 85?
-87
In base 2, what is 1010011000 + 10010?
1010101010
In base 5, what is -1100 - 4?
-1104
In base 4, what is -2 - 300?
-302
In base 5, what is 344 + -211?
133
In base 7, what is 23 - 1225?
-1202
In base 10, what is -1 + -1?
-2
In base 3, what is 0 - -2120100?
2120100
In base 3, what is 2211 - -1?
2212
In base 10, what is -3 - 841?
-844
In base 3, what is 20201 - 10?
20121
In base 7, what is 241 - -2?
243
In base 2, what is -10000100 + 10?
-10000010
In base 2, what is -1 - 10110?
-10111
In base 10, what is -2868 - -4?
-2864
In base 5, what is 34343 + -2?
34341
In base 13, what is -3 - -1205?
1202
In base 9, what is -3 - -37?
34
In base 15, what is 1a - -4?
1e
In base 7, what is -6230 - 0?
-6230
In base 7, what is 4 + -504?
-500
In base 16, what is 4b + f?
5a
In base 14, what is -319 + 11?
-308
In base 13, what is 6 + -46b?
-465
In base 14, what is -3 + -252?
-255
In base 13, what is -331 + 2?
-32c
In base 6, what is 0 + 30532?
30532
In base 3, what is -22 + 221?
122
In base 13, what is -31b8 - -4?
-31b4
In base 9, what is -8140 - -2?
-8137
In base 10, what is -27 - 2?
-29
In base 11, what is 10777 - 2?
10775
In base 11, what is -1127 - 1?
-1128
In base 13, what is 16 - -5a?
73
In base 5, what is 32 + 422?
1004
In base 10, what is 25 + 2?
27
In base 7, what is 25 + 61?
116
In base 4, what is 331 - -11?
1002
In base 12, what is -24 - 3?
-27
In base 8, what is 15 + 15?
32
In base 8, what is 3 + -4537?
-4534
In base 7, what is -6 + 52?
43
In base 9, what is 4 - -156?
161
In base 4, what is -3 - 100?
-103
In base 15, what is -128 - -4?
-124
In base 16, what is 3e - 2?
3c
In base 8, what is 6151 - -4?
6155
In base 3, what is 1210220212 + -2?
1210220210
In base 8, what is -3254 - 1?
-3255
In base 7, what is -314 - 3?
-320
In base 16, what is 4 + -c8?
-c4
In base 4, what is -13 + -1032120?
-1032133
In base 11, what is -4 - 127?
-130
In base 4, what is -132 + 31330?
31132
In base 2, what is -110100011 + -10?
-110100101
In base 10, what is 1246 + 1?
1247
In base 13, what is -2c7 - -1?
-2c6
In base 8, what is 36 - 2?
34
In base 4, what is -1321 + -2121?
-10102
In base 13, what is 5 - 40?
-38
In base 10, what is -128 - 26?
-154
In base 7, what is 3 - -115?
121
In base 4, what is -130101 + -1?
-130102
In base 15, what is 146 + 2?
148
In base 5, what is -224243 + 0?
-224243
In base 16, what is f + d3?
e2
In base 2, what is -101 - -100?
-1
In base 13, what is -3 + 791?
78b
In base 9, what is 5 + 332?
337
In base 7, what is 122 + 2?
124
In base 10, what is -11 - 42?
-53
In base 3, what is 110 - -20?
200
In base 4, what is 0 - -32?
32
In base 11, what is 2 - 27?
-25
In base 7, what is -6 - -1530?
1521
In base 4, what is -3201100 + -2?
-3201102
In base 14, what is 8 - 92c?
-924
In base 3, what is -2202220 + 12?
-2202201
In base 16, what is -4 - -4e2?
4de
In base 8, what is 21 - 600?
-557
In base 4, what is 231 - 11?
220
In base 16, what is -1e3 + 0?
-1e